{"id":7,"date":"2022-05-23T18:47:17","date_gmt":"2022-05-23T16:47:17","guid":{"rendered":"http:\/\/feuerwehr-doerflingen.ch\/?page_id=7"},"modified":"2024-09-01T17:10:55","modified_gmt":"2024-09-01T15:10:55","slug":"willkommen-bei-der-feuerwehr-doerflingen","status":"publish","type":"page","link":"https:\/\/feuerwehr-doerflingen.ch\/","title":{"rendered":"Die Feuerwehr D\u00f6rflingen"},"content":{"rendered":"<div class=\"fusion-fullwidth fullwidth-box fusion-builder-row-1 fusion-flex-container nonhundred-percent-fullwidth non-hundred-percent-height-scrolling\" style=\"--awb-border-radius-top-left:0px;--awb-border-radius-top-right:0px;--awb-border-radius-bottom-right:0px;--awb-border-radius-bottom-left:0px;--awb-flex-wrap:wrap;\" ><div class=\"fusion-builder-row fusion-row fusion-flex-align-items-flex-start fusion-flex-content-wrap\" style=\"max-width:1248px;margin-left: calc(-4% \/ 2 );margin-right: calc(-4% \/ 2 );\"><div class=\"fusion-layout-column fusion_builder_column fusion-builder-column-0 fusion_builder_column_1_1 1_1 fusion-flex-column\" style=\"--awb-bg-blend:overlay;--awb-bg-size:cover;--awb-width-large:100%;--awb-margin-top-large:0px;--awb-spacing-right-large:1.92%;--awb-margin-bottom-large:0px;--awb-spacing-left-large:1.92%;--awb-width-medium:100%;--awb-spacing-right-medium:1.92%;--awb-spacing-left-medium:1.92%;--awb-width-small:100%;--awb-spacing-right-small:1.92%;--awb-spacing-left-small:1.92%;\"><div class=\"fusion-column-wrapper fusion-flex-justify-content-flex-start fusion-content-layout-column\"><div class=\"fusion-text fusion-text-1\"><\/p>\n<h4 class=\"\" style=\"--fontsize: 24; line-height: 1.2;\" data-fontsize=\"24\" data-lineheight=\"28.8px\"><span data-fusion-font=\"true\" style=\"color: var(--h4_typography-color); font-family: var(--h4_typography-font-family); font-style: var(--h4_typography-font-style,normal); font-weight: var(--h4_typography-font-weight); letter-spacing: var(--h4_typography-letter-spacing); text-transform: var(--h4_typography-text-transform); text-align: var(--awb-content-alignment); background-color: var(--awb-bg-color-hover); font-size: 30px;\">Wir suchen Feuerwehrleute &#8211;<\/span><span style=\"color: var(--h4_typography-color); font-family: var(--h4_typography-font-family); font-size: var(--h4_typography-font-size); font-style: var(--h4_typography-font-style,normal); font-weight: var(--h4_typography-font-weight); letter-spacing: var(--h4_typography-letter-spacing); text-transform: var(--h4_typography-text-transform); text-align: var(--awb-content-alignment); background-color: var(--awb-bg-color-hover);\"> <\/span><span data-fusion-font=\"true\" style=\"font-family: var(--h4_typography-font-family); font-style: var(--h4_typography-font-style,normal); font-weight: var(--h4_typography-font-weight); letter-spacing: var(--h4_typography-letter-spacing); text-transform: var(--h4_typography-text-transform); text-align: var(--awb-content-alignment); background-color: var(--awb-bg-color-hover); font-size: 30px; color: rgb(242, 0, 0);\"><a href=\"https:\/\/feuerwehr-doerflingen.ch\/?page_id=49\"><span style=\"color: #f20000;\"><u>melde Dich heute an!<\/u><\/span><\/a><\/span><br><\/h4>\n<p><b><span style=\"color: var(--awb-color4);\">Bist Du an einer abwechslungsreichen und sinnvollen T\u00e4tigkeit zum Wohle und Schutz der D\u00f6rflinger Bev\u00f6lkerung interessiert? <\/span><span style=\"background-color: rgba(255, 255, 255, 0); font-family: var(--body_typography-font-family); font-size: var(--body_typography-font-size); font-style: var(--body_typography-font-style,normal); letter-spacing: var(--body_typography-letter-spacing); color: var(--awb-color4);\">Dann bist Du bei uns in der Feuerwehr genau richtig! Eine Schnupperteilnahme an einer Einsatz\u00fcbung ist nach Absprache jederzeit m\u00f6glich. <\/span><\/b><\/p>\n<p>Was viele nicht wissen, die Feuerwehr ist nicht im eigentlichen Sinne ein Verein. Das Dorf hat die gesetzliche Pflicht, eine Feuerwehr zu Unterhalten. Dies kann mit einer eigenen Feuerwehr, oder als Verbandszusammenschluss mit anderen Gemeinden erfolgen. D\u00f6rflingen betreibt eine eigene Feuerwehr, in enger Zusammenarbeit (mit Verbandscharakter) mit der Feuerwehr B\u00fcsingen. Wir k\u00f6nnen uns gegenseitig gut erg\u00e4nzen und beide Gemeinden haben Vorteile. D\u00f6rflingen war in dieser Hinsicht Vorreiter und die erste Feuerwehr in der Region, welche via Staatsvertrag eine offizielle Zusammenarbeit \u00fcber die Grenze einging.<\/p>\n<\/p>\n<p>Mindestanforderungen an Mannschaft und Material wird uns vom kantonalen Feuerwehrinspektorat vorgegeben. Unsere Aufgaben umfasst alles, was mit Sicherheit im Dorf zu tun hat. Ist eine Notlage oder brauch die Polizei oder der Rettungsdienst Unterst\u00fctzung, so werden wir von der polizeilichen Einsatzzentrale aufgeboten. Im Gegensatz zu Zivilschutz und Armee sind die Angeh\u00f6rigen der Feuerwehr mit Ihrem Material innert Minuten Einsatzbereit. Dies ist f\u00fcr eine kleine Milizfeuerwehr wie wir es sind eine echte Herausforderung. Bis jetzt k\u00f6nnen wir aber mit Stolz von uns sagen, dass dies immer gew\u00e4hrleistet wird. Dies ist nur m\u00f6glich mit einem TOP-Kader und einer ebenso TOP-Mannschaft.<\/p>\n<\/p>\n<p>Trotz dieser gesetzlichen Vorgaben, pflegen wir einen kameradschaftlichen Umgang und das Gemeinsame und der Spass an der Sache hat bei uns einen grossen Stellenwert. Die Mannschaft hat ca. 12 \u00dcbungen pro Jahr, bei Spezialisten und Kader kommen noch ein paar mehr dazu. An diesen \u00dcbungen werden die verschiedensten Themen ausgebildet und ge\u00fcbt. Heute sind wir nicht mehr nur f\u00fcr \u2018Feuer\u2019-Eins\u00e4tze gefragt. Zu unseren Aufgaben z\u00e4hlen unter anderem Hilfe bei Autounf\u00e4llen, technische Hilfestellungen, Personenrettungen, Wassernot, Umweltereignisse etc.<\/p>\n<\/p>\n<p>Wir m\u00fcssen eine Personalst\u00e4rke von 45 Personen haben. Da bei uns jedes Jahr infolge von Wegz\u00fcgen oder erreichen von Dienstalter Personen austreten, sind wir aktuell auf jede neue Kraft angewiesen. Falls Sie sich beim lesen dieses Beitrages angesprochen f\u00fchlen, so melden sie sich umgehend bei mir. Gerne kann ich weiteren Informationen geben. Selbstverst\u00e4ndlich kann auch jederzeit bei einer \u00dcbung bei uns reingeschaut werden.<\/p><\/p>\n<\/div><\/div><\/div><\/div><\/div>","protected":false},"excerpt":{"rendered":"","protected":false},"author":1,"featured_media":0,"parent":0,"menu_order":0,"comment_status":"closed","ping_status":"closed","template":"100-width.php","meta":{"footnotes":""},"class_list":["post-7","page","type-page","status-publish","hentry"],"aioseo_notices":[],"_links":{"self":[{"href":"https:\/\/feuerwehr-doerflingen.ch\/index.php?rest_route=\/wp\/v2\/pages\/7","targetHints":{"allow":["GET"]}}],"collection":[{"href":"https:\/\/feuerwehr-doerflingen.ch\/index.php?rest_route=\/wp\/v2\/pages"}],"about":[{"href":"https:\/\/feuerwehr-doerflingen.ch\/index.php?rest_route=\/wp\/v2\/types\/page"}],"author":[{"embeddable":true,"href":"https:\/\/feuerwehr-doerflingen.ch\/index.php?rest_route=\/wp\/v2\/users\/1"}],"replies":[{"embeddable":true,"href":"https:\/\/feuerwehr-doerflingen.ch\/index.php?rest_route=%2Fwp%2Fv2%2Fcomments&post=7"}],"version-history":[{"count":19,"href":"https:\/\/feuerwehr-doerflingen.ch\/index.php?rest_route=\/wp\/v2\/pages\/7\/revisions"}],"predecessor-version":[{"id":5362,"href":"https:\/\/feuerwehr-doerflingen.ch\/index.php?rest_route=\/wp\/v2\/pages\/7\/revisions\/5362"}],"wp:attachment":[{"href":"https:\/\/feuerwehr-doerflingen.ch\/index.php?rest_route=%2Fwp%2Fv2%2Fmedia&parent=7"}],"curies":[{"name":"wp","href":"https:\/\/api.w.org\/{rel}","templated":true}]}}